3 - -4?
1
What is 4 - (4 - (4 - (5 + -3)))?
2
0 + 6 - (-6 - -9)
3
What is -3 + (-1 + 1 - -2)?
-1
Calculate -2 + (5 - 4) - 1 - -1.
-1
What is (3 - -7 - 4) + -2 + 1?
5
-3 - -23 - (55 + -43)
8
Evaluate (-1 - (4 - 2)) + 4 + -1.
0
(2 - 0) + 1 + 2
5
What is -2 + (2 - -1) - 3?
-2
Calculate -6 - (-5 - (9 + -9)).
-1
What is the value of -5 + (-1 - -2) + -1?
-5
0 - (3 + (-4 - -6))
-5
What is 4 - (0 - (-5 - -3)) - 1?
1
What is the value of 2 - 3 - (-2 + 4)?
-3
What is -21 + 27 + -9 + 1 + -5?
-7
What is 2 + -1 + (-7 - -3)?
-3
What is 1 + -1 + (-70 - -70)?
0
0 + (2 + -1 - (-6 + 6))
1
What is 4 + (-5 - 3) + 0?
-4
What is -1 + -4 + -33 + 33?
-5
Calculate -4 + (4 - 0) + 0 + -1.
-1
What is 2 + 6 + -8 + 1 + 2?
3
8 - (6 - 3 - -5)
0
Calculate 17 - 22 - (1 + 1 + -6).
-1
What is -1 + 3 + 0 + -3 + 5?
4
What is the value of -12 - (-4 - (8 + -4))?
-4
What is the value of 0 + 0 + -8 + 9 + -6?
-5
Calculate 1 + -3 + (-10 - -9).
-3
-5 + (2 - 4 - (32 + -41))
2
What is the value of 1 + -14 - (24 - 29)?
-8
What is the value of -7 - (10 + 3 + -26)?
6
-19 + 19 - (4 + 0) - -7
3
Calculate (2 - (-15 - 2)) + -11.
8
What is the value of -2 - ((-1 - -3) + -1) - -3?
0
Evaluate 8 + -8 + 6 + -3 - 4.
-1
Calculate 2 - 1 - (-2 - (-1 + -6)).
-4
Evaluate 2 + (-3 - (3 - 3)) + 0.
-1
-2 + 1 - (1 - 1) - 6
-7
Evaluate -71 + 73 + 1 + -6.
-3
2 + (2 - 2) + 2
4
Evaluate -6 - (47 + -55 - (-3 + -1)).
-2
What is the value of -6 + 8 + 2 - 7 - 4?
-7
(0 + (-4 - -2) - 1) + -2
-5
What is the value of -17 - (1 - 15 - -1)?
-4
(6 - 10 - -7) + 1 + 0
4
What is -5 + -1 - (-17 + 14)?
-3
Evaluate -1 - 3 - -4 - 4.
-4
What is the value of 1 - (9 - (0 - -7))?
-1
What is 6 + 3 + (-10 - 2)?
-3
What is the value of (-3 - (-1 - (0 - 1))) + 3?
0
-1 - (-1 - (-1 + (0 - 1)))
-2
10 - (-10 + 1 - -13)
6
Calculate 6 - ((-26 - -25) + 4 + 0).
3
What is the value of -1 + 14 + -9 - 3?
1
What is the value of -5 + -6 + 6 + 11?
6
What is the value of -4 - (-3 - (-3 + -1)) - -3?
-2
What is 4 - (3 + (3 - -2) - 4)?
0
What is 1 - (1 - (7 + -8))?
-1
What is the value of -6 + 1 - (-5 - -6) - 2?
-8
What is the value of -11 + -1 + 7 + 0?
-5
What is (-6 - -11) + -7 - 1?
-3
What is the value of (4 - (2 + 2)) + (-5 - -4)?
-1
What is (-25 - -33) + 1 + -12?
-3
What is the value of 5 - (2 + 4) - 0?
-1
7 + -1 + 0 + 33 + -39
0
What is (0 - 2) + 2 + 1 + 4?
5
0 + (13 - 10) + 1 + -1
3
Calculate -3 - (0 + -4 - (3 - 1)).
3
What is the value of 3 - (7 + 1 + -4)?
-1
-8 - (1 - 16 - -3)
4
Evaluate 131 + -123 + (-1 - 5).
2
6 - (4 - (-8 + 6))
0
What is -4 + 3 - (0 - 2) - -1?
2
What is the value of -4 - ((2 - 3) + 0) - -4?
1
Evaluate 6 + -5 + (2 - 4).
-1
What is the value of 1 - 0 - (6 + -1)?
-4
Evaluate 2 - (-1 + 0 + -2).
5
Calculate 5 + -7 + 1 + (2 - 2).
-1
Calculate 7 + (-26 - (-25 - -12)).
-6
Calculate 2 - (2 + -4 + -5 - -8).
1
What is -5 + 1 + 1 + 5?
2
What is -1 + (-3 - (-1 - -1))?
-4
What is the value of 5 - ((1 + 3 - 8) + 8)?
1
Evaluate -2 - (-2 - -3 - (-4 - -12)).
5
What is the value of (1 - -1) + -1 + 0 + -3?
-2
Evaluate (-8 + 4 + 3 - -3) + 0.
2
6 + -7 + (10 - 6)
3
What is (-5 - -2) + (-2 - -5)?
0
What is the value of -4 - (-13 + 20 + -11)?
0
Calculate 0 - 1 - (1 + 0 - 4).
2
Evaluate -4 + 0 - (-28 + 25).
-1
What is the value of 1 - ((5 - 5) + -4)?
5
Evaluate -4 + (3 - (1 + 2)) + 0.
-4
Evaluate -7 - (0 + -2 + 4 + -8).
-1
(-2 - 15) + (19 - 10)
-8
What is -7 - (-2 - 3) - 2?
-4
What is the value of -1 + (2 - (-1 + 4))?
-2
What is the value of -5 + 1 + (-28 - -38)?
6
Calculate 0 + -3 + -7 + 1 + 5.
-4
Evaluate -7 - (-3 + (-6 - 0)).
2
What is the value of -1 - (-6 + (6 - 1)) - -1?
1
What is the value of (2 - 0) + (-16 - (-8 - 1))?
-5
What is 7 + -6 + -2 + 0?
-1
What is (-2 - 1) + -1 + (-1 - -4)?
-1
Calculate -2 - -3 - -1 - (0 + 2).
0
What is -12 + 1 + 6 + 0?
-5
What is the value of 25 + -21 - (-1 + 0)?
5
Calculate -4 + 2 - (0 - -1).
-3
What is the value of -8 + 13 + -1 + 1 + -1?
4
Calculate (4 - 8) + 2 - (1 + -11).
8
What is the value of 2 + -1 - 2 - (32 - 38)?
5
What is the value of 12 - ((-5 - 3) + 4 + 9)?
7
1 + -10 + (3 - -2)
-4
Calculate -4 + 15 - (10 - 6).
7
Evaluate (-6 - 0) + 4 + -3 - -12.
7
Evaluate 16 + -11 - (8 + (-3 - -3)).
-3
What is 2 - ((3 - 2) + -2 - -1)?
2
Calculate -17 + 4 + -10 + 26.
3
What is the value of 5 + -5 + 1 - -2?
3
What is the value of (-2 - 3) + 6 - 5?
-4
Calculate 3 - (-1 + 2) - 7.
-5
5 - ((-9 - -9) + -1)
6
Calculate -7 + (-1 - (0 + -4) - 0).
-4
-4 + (-3 - -4) + 6
3
What is the value of 4 + (0 - 2) - (11 - 6)?
-3
Calculate 2 + -3 + 0 - 2.
-3
What is the value of -3 - (-1 + 1) - -2?
-1
8 + -4 + 0 + 0
4
What is -24 + 31 + (-2 - -2)?
7
-11 + (20 - 9) + -5 + 0
-5
Evaluate (4 - 9 - 3) + 6.
-2
What is the value of 29 - 25 - (9 - 1)?
-4
Evaluate -3 + (-1 - (3 - 2)) + 1.
-4
86 + -97 - (1 + -7)
-5
What is 4 + (2 - (2 - -4)) + 3?
3
-2 - (-4 + (9 - 5))
-2
What is the value of 5 + (-3 - 0) + 1?
3
What is -2 - (-4 - (-3 - -1))?
0
What is the value of 6 + 1 - (8 - 3) - 0?
2
-2 + 7 + -7 + 0
-2
Evaluate -2 + -4 + (-5 - -12).
1
Calculate (15 - 11) + 0 + (1 - 1).
4
Evaluate (2 - (1 - 6) - -7) + -6.
8
What is the value of -1 + (4 - 2) - -1?
2
Calculate -1 + -4 - -10 - 9.
-4
-5 + 4 + 4 - (7 - -3)
-7
What is -1 + -2 - 0 - (5 + -9)?
1
Evaluate -1 - 5 - -6 - (2 + -5).
3
What is the value of -2 + -5 + 3 + (10 - 0)?
6
Evaluate -2 + 4 + 0 + -3.
-1
What is -4 + (-2 - (-8 + 3))?
-1
What is -5 + 2 + (0 - 1 - 0)?
-4
0 - (0 + (2 + -2 - 2))
2
Evaluate (1 - -1) + 14 + -5 + -17.
-6
Evaluate -3 + (8 - (-6 + 15)).
-4
Calculate 7 - 7 - (2 + -6 + 1).
3
-1 - (5 + -8 - -8 - -5)
-11
Evaluate (13 - 7) + (-3 - 2).
1
Evaluate (-8 - -1) + 2 + 8.
3
What is -4 + (3 - -2) - 4?
-3
Evaluate -2 + -1 + 4 + 39 + -39.
1
What is (-4 - -2) + (9 - 5)?
2
Calculate -249 + 244 + (0 - 2).
-7
What is the value of -2 + 0 - (3 - (-1 - -12))?
6
Evaluate 1 - (-2 - -4 - 1) - 0.
0
Calculate (-6 - (-11 - (-4 + 3))) + -3.
1
Evaluate -1 - (-3 + (-6 - -13)).
-5
Evaluate 7 + -9 + -5 + 8 - -4.
5
Evaluate 0 + 2 + 3 + -7 + 1.
-1
Evaluate ((-4 - -3) + 2 - -1) + 0.
2
17 + -15 - (1 + -1)
2
Calculate -3 + 0 + (14 - 11).
0
(5 - 8) + 0 + 1
-2
What is 2 - ((-5 - 2) + 3 - -4)?
2
Evaluate 0 + (3 - 1) + (-6 - -1).
-3
What is 7 - (-1 - (-8 - -3))?
3
-2 + 5 + -6 + (-3 - -6)
0
What is the value of 2 + -2 + (2 - (-2 - -1))?
3
(2 - -2 - 7 - -4) + -3
-2
Calculate -10 + 0 - (-3 + 1 - 3).
-5
Calculate 0 + -1 + (-1 - -1) + -1.
-2
-6 - 2 - (-1 - 5)
-2
What is the value of 3 + -12 - (6 - 10)?
-5
What is 6 - (-2 - 2) - (4 - 0)?
6
What is the value of (-2 - 0 - 1) + (-12 - -13)?
-2
What is 0 - (4 + 2) - -1?
-5
Calculate -4 + -7 + 8 + 7 + 1.
5
-2 + -2 - -3 - (-8 - -8)
-1
What is -5 - (-7 + 8 + (-3 - 1))?
-2
Evaluate (-10 - -4) + 7 - 2.
-1
Evaluate 3 + 10 + 1 + -6 + -10.
-2
What is (-15 - -17) + -1 + 3?
4
Evaluate (-8 - 0) + 2 + 4 + 0.
-2
Evaluate 1 + 4 - (-1 - (-8 - -4)).
2
5 + -6 + (-3 - 0)
-4
Calculate -1 + (-1 - 0) - (8 + -15).
5
Calculate 3 + (-8 - -9 - (2 - -2)).
0
Calculate (-13 - -15) + (0 - (9 - -1)).
-8
Calculate (9 - 14 - -5) + 3.
3
What is the value of (10 - (14 - -6)) + 4?
-6
-1 + 3 + 0 + -7 + 4
-1
-6 + (6 - (5 + -3 + -5))
3
What is the value of 6 + (-6 - -3) + (-8 - -1)?
-4
Calculate 4 - 8 - (1 + -6).
1
Evaluate -12 - -9 - (1 - 1).
-3
Evaluate 1 - (3 + 0 - -2).
-4
Evaluate -1 + 0 - (1 - -2).
-4
Evaluate 3 - (2 - (2 + -2) - 1).
2
Calculate 7 - (1 + 3) - 1.
2
Evaluate -11 + 12 + -1 + 1 + -2.
-1
Evaluate 1 - (10 + 1 + -14).
4
What is the value of (-1 - 8) + 0 + 5?
-4
Evaluate -1 - (-10 + -9 + 18).
0
-1 + 1 - 2 - (-1 + -3)
2
Evaluate 0 + (2 - (-4 + 7)) - -6.
5
What is 7 + ((4 - 7) + -2 - -4)?
6
-2 - 6 - -2 - (-4 - -3)
-5
Calculate 3 - (-9 + (6 - 4)).
10
Calculate 8 + (7 - (6 - -9)).
0
Calculate (-3 - -5 - -1) + 1.
4
What is the value of -5 + 5 + (10 - 1) + -7?
2
Calculate -4 + 3 + -1 + -4 + 1.
-5
Evaluate 25 + -23 + (0 - 1).
1
Calculate 11 - ((10 - -11) + -1).
-9
Evaluate 3 + 1 + -35 + 24 - 2.
-9
What is the value of (8 - -3 - 0) + -8?
3
Calculate (3 - ((-6 - -6) + 10)) + 1.
-6
Evaluate -1 + 3 + 1 + -2.
1
What is the value of 3 - 7 - -5 - (1 - 5)?
5
Evaluate (14 - (-3 - -9)) + -8.
0
What is the value of -3 - (4 - 7 - 4)?
4
Evaluate -2 - (-1 + -1) - (-2 - 0).
2
What is (-1 - 2) + 3 + 0?
0
What is the value of (1 - (3 + 0)) + (2 - 5)?
-5
-1 + 2 - (-6 + 3 - -4)
0
What is the value of 45 + -45 - (1 - (1 - 0))?
0
What is